964579?
9
What is the ten thousands digit of 4598638?
9
What is the ten thousands digit of 8335386?
3
What is the units digit of 113956?
6
What is the hundred thousands digit of 2662064?
6
What is the ten millions digit of 16221929?
1
What is the millions digit of 1060323?
1
What is the thousands digit of 502316?
2
What is the tens digit of 4070?
7
What is the tens digit of 893068?
6
What is the hundred thousands digit of 327823?
3
What is the hundred thousands digit of 176468?
1
What is the ten thousands digit of 4958356?
5
What is the hundred thousands digit of 21390637?
3
What is the hundreds digit of 168800?
8
What is the ten thousands digit of 2458054?
5
What is the hundred thousands digit of 4546563?
5
What is the thousands digit of 92829?
2
What is the ten millions digit of 24195313?
2
What is the hundred thousands digit of 139784?
1
What is the hundreds digit of 326869?
8
What is the units digit of 387573?
3
What is the units digit of 229163?
3
What is the hundred thousands digit of 7593846?
5
What is the hundred thousands digit of 272384?
2
What is the units digit of 191057?
7
What is the ten thousands digit of 8120878?
2
What is the hundred thousands digit of 747998?
7
What is the hundred thousands digit of 4174161?
1
What is the ten thousands digit of 5113450?
1
What is the thousands digit of 304801?
4
What is the hundreds digit of 16361842?
8
What is the thousands digit of 2937288?
7
What is the ten thousands digit of 30510?
3
What is the hundreds digit of 451546?
5
What is the hundreds digit of 1412771?
7
What is the hundred thousands digit of 180753?
1
What is the units digit of 6142600?
0
What is the millions digit of 1011043?
1
What is the hundreds digit of 3714773?
7
What is the tens digit of 472236?
3
What is the units digit of 79004?
4
What is the hundred thousands digit of 6803454?
8
What is the ten thousands digit of 66515?
6
What is the ten thousands digit of 692025?
9
What is the hundred thousands digit of 5202186?
2
What is the hundreds digit of 9941698?
6
What is the hundreds digit of 448543?
5
What is the hundreds digit of 273275?
2
What is the tens digit of 643487?
8
What is the tens digit of 14509458?
5
What is the units digit of 23660310?
0
What is the hundred thousands digit of 578856?
5
What is the hundreds digit of 10351439?
4
What is the thousands digit of 791440?
1
What is the millions digit of 2288535?
2
What is the ten thousands digit of 154532?
5
What is the units digit of 31325?
5
What is the ten thousands digit of 64579?
6
What is the ten thousands digit of 5211291?
1
What is the units digit of 1083063?
3
What is the tens digit of 1718978?
7
What is the tens digit of 2225548?
4
What is the hundreds digit of 718730?
7
What is the units digit of 5620688?
8
What is the hundred thousands digit of 1768851?
7
What is the units digit of 131416?
6
What is the hundreds digit of 42686425?
4
What is the tens digit of 221399?
9
What is the tens digit of 287252?
5
What is the units digit of 7853844?
4
What is the tens digit of 350718?
1
What is the ten thousands digit of 1718221?
1
What is the hundreds digit of 225199?
1
What is the units digit of 11535437?
7
What is the ten thousands digit of 406336?
0
What is the tens digit of 407124?
2
What is the thousands digit of 139603?
9
What is the hundred thousands digit of 847285?
8
What is the thousands digit of 2086326?
6
What is the hundred thousands digit of 106428?
1
What is the ten thousands digit of 2059034?
5
What is the tens digit of 223883?
8
What is the hundreds digit of 4984239?
2
What is the hundreds digit of 4902922?
9
What is the thousands digit of 2724728?
4
What is the ten thousands digit of 385771?
8
What is the hundred thousands digit of 689870?
6
What is the hundred thousands digit of 4837761?
8
What is the ten thousands digit of 2209334?
0
What is the hundreds digit of 729782?
7
What is the units digit of 180345?
5
What is the thousands digit of 4914186?
4
What is the thousands digit of 385354?
5
What is the ten millions digit of 13405446?
1
What is the units digit of 137672?
2
What is the ten thousands digit of 87659?
8
What is the units digit of 4377854?
4
What is the hundreds digit of 262798?
7
What is the units digit of 20420284?
4
What is the units digit of 2562096?
6
What is the thousands digit of 2116410?
6
What is the millions digit of 6283112?
6
What is the millions digit of 1445427?
1
What is the tens digit of 9424?
2
What is the thousands digit of 1791120?
1
What is the hundreds digit of 4123868?
8
What is the thousands digit of 10024052?
4
What is the ten thousands digit of 445889?
4
What is the hundred thousands digit of 3985657?
9
What is the units digit of 22424024?
4
What is the tens digit of 16263173?
7
What is the units digit of 9575?
5
What is the hundreds digit of 1365871?
8
What is the tens digit of 3699246?
4
What is the thousands digit of 697606?
7
What is the ten thousands digit of 4522194?
2
What is the tens digit of 4044586?
8
What is the ten thousands digit of 3759947?
5
What is the millions digit of 2606733?
2
What is the millions digit of 1140234?
1
What is the tens digit of 25531911?
1
What is the hundred thousands digit of 222418?
2
What is the tens digit of 669615?
1
What is the hundreds digit of 1551029?
0
What is the millions digit of 1024646?
1
What is the units digit of 378449?
9
What is the tens digit of 17290958?
5
What is the ten thousands digit of 683373?
8
What is the hundreds digit of 30524051?
0
What is the ten thousands digit of 13035647?
3
What is the tens digit of 12840417?
1
What is the thousands digit of 552598?
2
What is the thousands digit of 14119593?
9
What is the hundred thousands digit of 1595060?
5
What is the millions digit of 1273946?
1
What is the ten thousands digit of 5642580?
4
What is the thousands digit of 6787180?
7
What is the thousands digit of 71282?
1
What is the tens digit of 5296808?
0
What is the tens digit of 22929288?
8
What is the units digit of 235406?
6
What is the hundred thousands digit of 22104309?
1
What is the tens digit of 413332?
3
What is the hundred thousands digit of 27257592?
2
What is the hundred thousands digit of 145898?
1
What is the ten thousands digit of 6601954?
0
What is the units digit of 17234?
4
What is the ten thousands digit of 69489?
6
What is the ten thousands digit of 109587?
0
What is the hundreds digit of 250701?
7
What is the hundreds digit of 656582?
5
What is the ten thousands digit of 1157859?
5
What is the millions digit of 1471880?
1
What is the hundred thousands digit of 8897886?
8
What is the hundred thousands digit of 378719?
3
What is the millions digit of 2064406?
2
What is the millions digit of 9702005?
9
What is the hundreds digit of 1672144?
1
What is the tens digit of 345075?
7
What is the thousands digit of 29037902?
7
What is the tens digit of 1679863?
6
What is the hundreds digit of 45264?
2
What is the ten thousands digit of 753908?
5
What is the hundred thousands digit of 2548262?
5
What is the ten thousands digit of 12566068?
6
What is the millions digit of 1481699?
1
What is the hundreds digit of 1286818?
8
What is the tens digit of 224206?
0
What is the thousands digit of 279919?
9
What is the units digit of 2070558?
8
What is the tens digit of 5737663?
6
What is the tens digit of 8373618?
1
What is the hundred thousands digit of 184641?
1
What is the hundred thousands digit of 1539167?
5
What is the ten thousands digit of 28994717?
9
What is the thousands digit of 173275?
3
What is the hundred thousands digit of 17668757?
6
What is the ten thousands digit of 85762?
8
What is the thousands digit of 1038808?
8
What is the ten thousands digit of 251757?
5
What is the thousands digit of 4619060?
9
What is the ten thousands digit of 309450?
0
What is the tens digit of 511934?
3
What is the units digit of 2670661?
1
What is the hundreds digit of 8266302?
3
What is the units digit of 51567?
7
What is the ten thousands digit of 44589?
4
What is the tens digit of 299038?
3
What is the millions digit of 10751398?
0
What is the hundred thousands digit of 634638?
6
What is the hundreds digit of 7895005?
0
What is the hundreds digit of 87828?
8
What is the hundred thousands digit of 14001383?
0
What is the ten thousands digit of 36996